t d be (q/3)/(1*-1). Calculate the greatest common divisor of p and d.
2
Let u(i) = 2*i**2 + 10*i + 16. Let p be u(0). Let t(v) = -v**2 - 11*v - 16. Let n be t(-7). What is the greatest common factor of p and n?
4
Let y(j) = 104*j**2 - 112*j + 137. Let z be y(5). Calculate the greatest common factor of z and 9641.
311
Suppose 11*i - 8101 = -7045. What is the highest common divisor of i and 45?
3
Let x = -36 + 40. Suppose 28 = 2*b + x*c, -4*b = 2*c - 21 - 11. Calculate the highest common divisor of 15 and b.
3
Let i = 1534 + -1470. What is the highest common divisor of 344 and i?
8
Let b = 30 + -30. Suppose -8*i + 25 + 95 = b. Calculate the highest common factor of 645 and i.
15
Let y be 17*12*102/408. Calculate the highest common factor of 51 and y.
51
Let f(i) = i**3 - 6*i**2 + 11*i - 14. Let v = 42 + -37. Let m be f(v). What is the greatest common divisor of m and 8?
8
Let d be (105/(-6))/7*666500/(-625). Calculate the highest common divisor of d and 806.
62
Suppose 107*i - 103*i = -3*l + 34, -i - 1 = -4*l. What is the greatest common divisor of l and 47?
1
Let g(b) be the third derivative of 13*b**5/30 - b**4/3 - 5*b**3/2 + 31*b**2 + 4*b. Let t be g(-2). Calculate the greatest common divisor of t and 30.
15
Let g be (-1 - 2/4)/(9/144). Let a be (4/(-1))/(12/g). Let b(c) = -14*c + 6. Let w be b(-7). What is the greatest common factor of a and w?
8
Let q = -129 - -133. Suppose g + 39 = q*g. What is the greatest common divisor of g and 104?
13
Suppose 3*a = -5*w + 477, -w + 8 = 5. What is the greatest common divisor of 497 and a?
7
Let r = -110 - -272. Let x be (0 - 1 - 161)*(-68)/204. Calculate the highest common divisor of r and x.
54
Suppose -4*b - 263 = -299, 3*b - 49208 = -h. What is the highest common factor of h and 187?
187
Let n be -3 + (-7 - (-83 + 10)). Suppose -5*s + 4*y + 123 = 0, s + s + 5*y - 69 = 0. Let v = n - s. What is the highest common divisor of v and 12?
12
Let h = -42 + 1. Let l = 64 - h. Let p = 135 - l. Calculate the highest common factor of 70 and p.
10
Let k(p) = 3*p**2 - 110*p + 752. Let o be k(7). Calculate the highest common factor of 4773 and o.
129
Let n(x) = -2*x**3 - 56*x**2 - 2*x - 32. Suppose -18*m - 28 = -17*m. Let i be n(m). Calculate the greatest common factor of i and 768.
24
Let w be 17*1*(-3)/3. Suppose -23*u + 144 = -385. Let q = u + w. Calculate the highest common factor of 6 and q.
6
Suppose -1265 = 4398*y - 4403*y. Calculate the highest common factor of y and 92.
23
Suppose -4*m - 8*u = -12*u - 64, -m = -3*u - 12. Suppose 0*t - 2*l = 2*t - 128, 3*t - 193 = -4*l. What is the highest common divisor of m and t?
9
Suppose 51 = -2*y - 67. Let n = y - -98. Suppose -n - 15 = -3*b. Calculate the highest common factor of 18 and b.
18
Suppose 0 = -g - 2*g, -5*c = -2*g - 5. Suppose d - 38 - c = 0. Let l = 282 + -165. What is the greatest common divisor of d and l?
39
Suppose s = -5*l + 1925, 3*s = 10*l - 12*l + 5723. Suppose 29*n = 1546 + s. What is the highest common divisor of n and 28?
7
Suppose -5*y + 174 = 4*b, 843*y + 121 = 3*b + 842*y. What is the highest common factor of 28003 and b?
41
Suppose -830*h + 57680 = -306*h - 412*h. Calculate the greatest common divisor of h and 1648.
103
Suppose 3*n - n - 1040 = 0. Suppose -n*c = -522*c + 108. Calculate the highest common divisor of c and 36.
18
Suppose 986 = 16*m - 470. Let s = 140 - m. Calculate the highest common factor of 21 and s.
7
Let a be 1/(-4) - 605/(-20). Suppose -250*s + 257*s = 133. Suppose -s*v = -7*v - 72. What is the highest common divisor of a and v?
6
Suppose -2*t = 4*v - 111 + 99, -2*v = 4. Let x be (1*-6)/3 - -88. Let z = 146 - x. Calculate the greatest common divisor of z and t.
10
Suppose -c + 2*x - 2 = 0, -13*x = -4*c - 17*x + 76. What is the greatest common factor of c and 270?
6
Suppose 13 = x + 12. Let u be ((2/(-5))/(2/(-5)))/x. Let v(n) = 11*n**2 - 3*n + 3. Let w be v(u). What is the greatest common divisor of w and 88?
11
Let r be 2/(-3) + 346/6. Let b = r + -51. Suppose 118 = 5*w - k, 5*w - 118 = -2*k + 6. Calculate the highest common divisor of w and b.
6
Suppose -5*x + 3*x + w + 517 = 0, -4*x - 4*w = -1064. Calculate the highest common factor of 203 and x.
29
Suppose 5*m - 23 = -2*k, 2 = 2*m + 4*k - 4. Suppose 11 = 2*i + 2*w - 39, 2*i + 4*w - 50 = 0. Calculate the highest common factor of m and i.
5
Suppose 6*d + 76 + 74 = 0. Let m = d + 37. Let a(q) = 8*q**3 + q**2 - 1. Let r be a(1). Calculate the greatest common factor of m and r.
4
Suppose 23214 = 102*j - 21054. What is the highest common divisor of 154 and j?
14
Let b be (304/(-56))/(3985/1330 + -3). What is the greatest common divisor of b and 4?
4
Let l(z) = z**2 + 12*z - 28. Let m be l(-13). Let s = m - -46. Suppose p = 5*v + 57, -2*p - s + 80 = 3*v. Calculate the greatest common factor of p and 352.
32
Let d be (30/(-3))/(1/(-36)). Suppose 2*b + 116 = 2*z + 34, -3*b = -5*z + 203. Calculate the highest common factor of z and d.
40
Let v(k) = -k**2 - 18*k - 23. Let y be v(-16). Calculate the highest common factor of y and 6597.
9
Suppose -1 = 3*y - 7. Suppose -14*s + 2*s = -180. Suppose -s*q + 19*q + 2 = v, 1 = q. Calculate the highest common factor of v and y.
2
Let i = -18900 + 19019. What is the greatest common factor of 5848 and i?
17
Suppose -2*j + 7723 = 2*j - 1377. What is the greatest common divisor of 182 and j?
91
Let s be 4/(-10) + 5/(-50) - 108/(-24). What is the greatest common divisor of s and 2588?
4
Let z be (4*-1)/(((-21)/(-3143))/((-114)/4)). Calculate the highest common divisor of 190 and z.
38
Let i = 65 + -44. Let z(t) = 5*t**3 - 4*t**2 + 5*t - 6. Let n be z(-5). Let a be (-1*18/(-8))/((-27)/n). Calculate the greatest common factor of a and i.
21
Let n(t) = t**3 + 8*t**2 - 7*t - 18. Let q be n(-9). Let a = -29 - q. Let y = 0 + a. Calculate the greatest common factor of 1 and y.
1
Let s = -220 - -300. Let g be (-144)/s*(2 - 87). Calculate the highest common factor of 17 and g.
17
Let n = 140 + -144. Let k be n/(-16) + 1036/16. Calculate the highest common divisor of k and 104.
13
Suppose 52*z + 105 - 365 = 0. Let k = 65 + 60. What is the greatest common divisor of k and z?
5
Suppose -20705 + 23673 = 7*r. What is the highest common divisor of r and 265?
53
Let s = -788 - -469. Let a = s + 403. Calculate the highest common divisor of 60 and a.
12
Let r = -1705 + 1833. What is the highest common divisor of r and 10624?
128
Let g(z) = 4*z + 8. Let y be g(17). Let t = y - 36. What is the greatest common factor of 90 and t?
10
Suppose 3*y + 144 = 5*d, -5*y = 91*d - 93*d + 50. Calculate the greatest common factor of d and 192.
6
Suppose -173*l + 206*l = 297. Suppose -z - 7 = -3*p - 5*z, 0 = -3*z - 15. What is the greatest common factor of l and p?
9
Let d be (2 - 58/(-4))/(15/(-40)). Let f = -30 - d. Let h = f + -2. What is the greatest common factor of h and 12?
12
Suppose 87*b - 82*b - 5189 = 2*t, 2091 = 2*b - 3*t. What is the highest common divisor of 2484 and b?
207
Suppose -8*j = -9*j + 83. Let v = -72 + j. What is the highest common factor of v and 2?
1
Suppose 139 + 117 = 2*f. Let a(h) = 2*h**3 - 4*h**2 - 10*h + 5. Let o be a(5). Let n = 121 - o. Calculate the highest common factor of f and n.
16
Let p(w) = 2*w**2 + 72*w + 79. Let b be p(-35). Calculate the greatest common factor of 23 and b.
1
Let p = 30 - 28. Suppose -30 = -2*r - 4*k, p*r + 11 - 34 = 3*k. Suppose -1 = j - r. Calculate the highest common divisor of 4 and j.
4
Suppose -201999*v = -202047*v + 3696. Let l(a) = -308*a**3 + a**2 + a. Let h be l(-1). What is the greatest common factor of v and h?
77
Suppose -2*r + 1722 = 2*j, -5*r - 228*j + 4377 = -231*j. Calculate the highest common divisor of 2320 and r.
290
Let h = -142 - -144. Suppose 0 = -h*n - 10 + 28. What is the greatest common factor of n and 72?
9
Suppose 4*p = 4*v - 12, 5*v = -p + 33 - 6. Let c be -3*(2 - 1) + (v - -4). Suppose -4*z + c*z = 80. Calculate the greatest common factor of z and 16.
8
Let i(h) be the second derivative of -h**3/2 - 23*h**2/2 + 56*h. Let k be i(-8). What is the greatest common factor of k and 8?
1
Suppose 0 = 5*z - 5 - 5. Let k(i) = 5*i**3 - 2*i**2 + 5*i - 1. Let w be k(z). What is the highest common factor of w and 328?
41
Let v(o) = -23*o - 195. Let w be v(-9). What is the greatest common div